
6
What is the ten millions digit of 5045656477?
4
What is the millions digit of 1594056540?
4
What is the ten millions digit of 942952552?
4
What is the tens digit of 73019004?
0
What is the millions digit of 170116511?
0
What is the ten thousands digit of 1867246027?
4
What is the hundreds digit of 86751806?
8
What is the hundred thousands digit of 8326479980?
4
What is the millions digit of 556500573?
6
What is the hundred thousands digit of 44673476?
6
What is the ten thousands digit of 834751030?
5
What is the hundreds digit of 3612502720?
7
What is the ten thousands digit of 689045?
8
What is the billions digit of 2540956168?
2
What is the millions digit of 126123040?
6
What is the tens digit of 6015613848?
4
What is the millions digit of 1806628320?
6
What is the ten thousands digit of 237928018?
2
What is the hundreds digit of 947066646?
6
What is the thousands digit of 112760478?
0
What is the hundreds digit of 1892385119?
1
What is the millions digit of 83174092?
3
What is the ten thousands digit of 15532758?
3
What is the ten thousands digit of 231708482?
0
What is the units digit of 45516879?
9
What is the units digit of 150491309?
9
What is the tens digit of 7514263124?
2
What is the units digit of 9196404?
4
What is the units digit of 4369919406?
6
What is the ten millions digit of 729122564?
2
What is the ten millions digit of 1028934226?
2
What is the ten millions digit of 171444229?
7
What is the units digit of 101342110?
0
What is the thousands digit of 535278268?
8
What is the tens digit of 3015289648?
4
What is the billions digit of 2716523964?
2
What is the tens digit of 23511121?
2
What is the hundred thousands digit of 6768014149?
0
What is the hundred thousands digit of 4020498441?
4
What is the units digit of 423509653?
3
What is the hundred thousands digit of 92800056?
8
What is the hundred millions digit of 245996603?
2
What is the tens digit of 24763498?
9
What is the hundreds digit of 256233380?
3
What is the billions digit of 1480906531?
1
What is the tens digit of 778580878?
7
What is the millions digit of 2028752582?
8
What is the hundred thousands digit of 79287761?
2
What is the hundreds digit of 34005926?
9
What is the thousands digit of 1247412763?
2
What is the hundred thousands digit of 8428759?
4
What is the ten thousands digit of 4023631?
2
What is the billions digit of 1951691548?
1
What is the thousands digit of 258202234?
2
What is the tens digit of 10081424?
2
What is the units digit of 13299409?
9
What is the millions digit of 10180370?
0
What is the hundred thousands digit of 501618595?
6
What is the ten thousands digit of 124767454?
6
What is the hundred thousands digit of 920483687?
4
What is the hundreds digit of 105230530?
5
What is the units digit of 40700601?
1
What is the thousands digit of 293583776?
3
What is the tens digit of 25236107?
0
What is the billions digit of 3072718706?
3
What is the tens digit of 614613098?
9
What is the thousands digit of 52029139?
9
What is the millions digit of 43276702?
3
What is the hundreds digit of 62215109?
1
What is the ten thousands digit of 379957304?
5
What is the units digit of 127741944?
4
What is the ten thousands digit of 123891472?
9
What is the millions digit of 5413276873?
3
What is the units digit of 34079651?
1
What is the tens digit of 1285756537?
3
What is the units digit of 653544245?
5
What is the units digit of 206110846?
6
What is the tens digit of 3454610882?
8
What is the tens digit of 19860342?
4
What is the thousands digit of 94338466?
8
What is the hundreds digit of 7691379?
3
What is the hundred thousands digit of 25675136?
6
What is the thousands digit of 1633587923?
7
What is the ten millions digit of 460295921?
6
What is the ten thousands digit of 75120883?
2
What is the units digit of 966625355?
5
What is the ten thousands digit of 82905167?
0
What is the millions digit of 8596290885?
6
What is the hundred thousands digit of 38272550?
2
What is the ten thousands digit of 14367913?
6
What is the units digit of 32198884?
4
What is the units digit of 7193594689?
9
What is the hundred millions digit of 559733673?
5
What is the ten thousands digit of 2795430188?
3
What is the hundreds digit of 64233860?
8
What is the millions digit of 6002683032?
2
What is the ten millions digit of 109545325?
0
What is the tens digit of 1008065872?
7
What is the millions digit of 1526084941?
6
What is the units digit of 271733338?
8
What is the hundred thousands digit of 14816133?
8
What is the hundred millions digit of 954933943?
9
What is the millions digit of 20512428?
0
What is the ten millions digit of 42087224?
4
What is the millions digit of 3440692499?
0
What is the hundred thousands digit of 125155246?
1
What is the ten thousands digit of 146321855?
2
What is the ten millions digit of 53383482?
5
What is the ten thousands digit of 447740352?
4
What is the thousands digit of 745623817?
3
What is the hundred millions digit of 696966568?
6
What is the millions digit of 12295786?
2
What is the units digit of 127210617?
7
What is the units digit of 10115085?
5
What is the thousands digit of 57233164?
3
What is the hundred thousands digit of 2152825?
1
What is the ten thousands digit of 101409686?
0
What is the thousands digit of 220604220?
4
What is the ten thousands digit of 2223446099?
4
What is the hundred millions digit of 1594996600?
5
What is the ten millions digit of 526089985?
2
What is the hundreds digit of 11528933?
9
What is the hundred thousands digit of 7204060481?
0
What is the units digit of 163134979?
9
What is the hundred millions digit of 3276414070?
2
What is the units digit of 131564388?
8
What is the ten millions digit of 34691878?
3
What is the hundred thousands digit of 131013733?
0
What is the ten thousands digit of 72144225?
4
What is the hundreds digit of 149436545?
5
What is the units digit of 80051054?
4
What is the tens digit of 745844172?
7
What is the millions digit of 806269425?
6
What is the units digit of 19459427?
7
What is the ten millions digit of 28178936?
2
What is the millions digit of 195795607?
5
What is the hundred thousands digit of 645663321?
6
What is the ten millions digit of 65566544?
6
What is the units digit of 1721314049?
9
What is the ten thousands digit of 92769586?
6
What is the ten millions digit of 591689466?
9
What is the ten thousands digit of 3016390783?
9
What is the hundred thousands digit of 2223482974?
4
What is the thousands digit of 6924882359?
2
What is the thousands digit of 44511235?
1
What is the millions digit of 21408533?
1
What is the millions digit of 191402604?
1
What is the billions digit of 1034024013?
1
What is the ten thousands digit of 545250802?
5
What is the hundred millions digit of 367311789?
3
What is the ten thousands digit of 24205049?
0
What is the tens digit of 175743378?
7
What is the millions digit of 8322320?
8
What is the hundred millions digit of 3638959421?
6
What is the tens digit of 659485908?
0
What is the tens digit of 1247000717?
1
What is the ten thousands digit of 1288073842?
7
What is the hundred thousands digit of 774591624?
5
What is the hundred millions digit of 121269839?
1
What is the ten millions digit of 7462656559?
6
What is the hundred millions digit of 223473441?
2
What is the hundreds digit of 21176874?
8
What is the tens digit of 85679940?
4
What is the tens digit of 289698575?
7
What is the hundred millions digit of 253992388?
2
What is the units digit of 280551916?
6
What is the ten millions digit of 2357258131?
5
What is the ten thousands digit of 224751797?
5
What is the ten thousands digit of 20719194?
1
What is the units digit of 1059705290?
0
What is the hundreds digit of 75882320?
3
What is the ten millions digit of 3105399361?
0
What is the hundred millions digit of 4398300973?
3
What is the ten millions digit of 149069033?
4
What is the hundred thousands digit of 608300214?
3
What is the hundred millions digit of 1636510917?
6
What is the hundred thousands digit of 32721722?
7
What is the thousands digit of 123700118?
0
What is the tens digit of 479076894?
9
What is the hundred thousands digit of 48563924?
5
What is the tens digit of 122104432?
3
What is the millions digit of 81567374?
1
What is the hundred thousands